{"id":197,"date":"2019-11-07T21:45:31","date_gmt":"2019-11-07T20:45:31","guid":{"rendered":"http:\/\/foerderverein-wrs-ilten.de\/?page_id=197"},"modified":"2024-03-05T21:01:19","modified_gmt":"2024-03-05T20:01:19","slug":"buecherei","status":"publish","type":"page","link":"https:\/\/foerderverein-wrs-ilten.de\/?page_id=197","title":{"rendered":"B\u00fccherei"},"content":{"rendered":"\n<p><a href=\"mailto:buecherei@fvwrs.de\" target=\"_blank\" rel=\"noreferrer noopener\" aria-label=\"buecherei@fvwrs.de (\u00f6ffnet in neuem Tab)\">buecherei@fvwrs.de<\/a><\/p>\n\n\n\n<p>Mit dem Projekt \u201eLese- und Leserf\u00f6rderung\u201c werden den gegenw\u00e4rtigen und zuk\u00fcnftigen Sch\u00fclern an der Grundschule umfassende M\u00f6glichkeiten zu einem  fr\u00fchen Kompetenzerwerb im Bereich des Lesens- und des Leseverstehens geboten sowie das Interesse an Literatur gef\u00f6rdert und gest\u00e4rkt.<\/p>\n\n\n\n<p>Die B\u00fccherei an der Grundschule Ilten wurde im Jahr 2012 auf Initiative des Schulvorstands und der Elternschaft gegr\u00fcndet und war zun\u00e4chst in einem  Mehrzweckraum untergebracht. Mit Umzug im Jahr 2016 in die jetzigen R\u00e4umlichkeiten standen nur wenige Regale, kein kindgerechtes Mobiliar und nur eine begrenzte B\u00fccherauswahl zur Verf\u00fcgung.<\/p>\n\n\n\n<p>Aufgrund des F\u00f6rderangebotes der Klosterkammer Hannover, soziale und bildungsnahe Projekte finanziell  zu unterst\u00fctzen, hat sich der F\u00f6rderverein der<br> Wilhelm-Raabe-Schule Ilten e.V. im Jahr 2018  entschlossen, einen entsprechenden F\u00f6rderantrag bei  der Klosterkammer Hannover einzureichen. Zu  unserer Freude wurde der Antrag im Dezember 2018 mit einer F\u00f6rdersumme von 6.500 Euro bei einem  kalkulierten Gesamtbedarf von 13.000 Euro bewilligt.<\/p>\n\n\n\n<p>Mit der Projektrealisierung wird ein ansprechendes,  lesefreundliches Umfeld f\u00fcr die Kinder geschaffen,  dass zum Verweilen und St\u00f6bern in einer nun umfangreich erweiterten Auswahl von Sach- und Kinderb\u00fcchern einl\u00e4dt. Die Umstellung auf ein EDV-basiertes Ausleihsystem bietet nicht nur eine schnellere Buchaus- und -r\u00fcckgabe, sondern erleichtert auch die Recherche und Inventarverwaltung. An einem eigenen Sch\u00fcler-PC-Arbeitsplatz k\u00f6nnen das Onlineportal Antolin*<br> sowie verschiedene Kinderwissen-Artikel und Kindersuchprogramme aufgerufen werden.<\/p>\n\n\n\n<p>Abgerundet wird das Projekt durch Autorenlesungen f\u00fcr alle Klassenstufen, die Anfang November stattfinden werden und das Interesse an  weiterreichender, zeitgem\u00e4\u00dfer Literatur wecken sollen.<\/p>\n\n\n\n<figure class=\"wp-block-image\"><img loading=\"lazy\" decoding=\"async\" width=\"525\" height=\"350\" src=\"https:\/\/i0.wp.com\/foerderverein-wrs-ilten.de\/wp-content\/uploads\/2019\/11\/buechereieroeffnung_2-1024x683.jpg?resize=525%2C350\" alt=\"\" class=\"wp-image-192\" srcset=\"https:\/\/i0.wp.com\/foerderverein-wrs-ilten.de\/wp-content\/uploads\/2019\/11\/buechereieroeffnung_2.jpg?resize=1024%2C683&amp;ssl=1 1024w, https:\/\/i0.wp.com\/foerderverein-wrs-ilten.de\/wp-content\/uploads\/2019\/11\/buechereieroeffnung_2.jpg?resize=300%2C200&amp;ssl=1 300w, https:\/\/i0.wp.com\/foerderverein-wrs-ilten.de\/wp-content\/uploads\/2019\/11\/buechereieroeffnung_2.jpg?resize=768%2C512&amp;ssl=1 768w, https:\/\/i0.wp.com\/foerderverein-wrs-ilten.de\/wp-content\/uploads\/2019\/11\/buechereieroeffnung_2.jpg?w=1575&amp;ssl=1 1575w\" sizes=\"(max-width: 706px) 89vw, (max-width: 767px) 82vw, 740px\" data-recalc-dims=\"1\" \/><\/figure>\n\n\n\n<p>Der B\u00fcchereibetrieb wird durch die Lehrerschaft organisiert. Das Team der B\u00fccherei freut sich mit den Sch\u00fclerinnen und Sch\u00fclern auf:<\/p>\n\n\n\n<ul>\n<li>eine gem\u00fctliche \u201eSchm\u00f6ker-Ecke\u201c mit 3-stufiger Lesetreppe und Sitzkissen<\/li>\n\n\n\n<li>Erweiterung des Regalsystems sowie ein Ausstellungsregal<\/li>\n\n\n\n<li>einen kindgerechten PC-Arbeitsplatz mit gesichertem Zugang zu ausgew\u00e4hlten Kinderportalen<\/li>\n\n\n\n<li>ca. 250 neue Medien (Sach- und Kinderb\u00fccher) als Erg\u00e4nzung und Ersatz des bisherigen Buchbestands<\/li>\n\n\n\n<li>Registratur und Ausweisung des Buchbestands f\u00fcr das Onlineportal Antolin*<\/li>\n\n\n\n<li>eine mobile Ausleihtheke<\/li>\n\n\n\n<li>professionelle Bibliothekssoftware zur Nutzer- und Inventarverwaltung mit Scanner und Bon-Drucker<\/li>\n<\/ul>\n\n\n\n<p><em>* \u201eAntolin\u201c ist ein Online-Portal zur Lesef\u00f6rderung bei dem Quizfragen zu Kinder-, Jugendb\u00fcchern beantwortet werden. Die jungen Leserinnen und Leser sammeln<br> Punkte, indem sie Leseleistung und Textverst\u00e4ndnis spielerisch \u00fcberpr\u00fcfen.<\/em><\/p>\n","protected":false},"excerpt":{"rendered":"<p>buecherei@fvwrs.de Mit dem Projekt \u201eLese- und Leserf\u00f6rderung\u201c werden den gegenw\u00e4rtigen und zuk\u00fcnftigen Sch\u00fclern an der Grundschule umfassende M\u00f6glichkeiten zu einem fr\u00fchen Kompetenzerwerb im Bereich des Lesens- und des Leseverstehens geboten sowie das Interesse an Literatur gef\u00f6rdert und gest\u00e4rkt. Die B\u00fccherei an der Grundschule Ilten wurde im Jahr 2012 auf Initiative des Schulvorstands und der Elternschaft &hellip; <\/p>\n<p class=\"link-more\"><a href=\"https:\/\/foerderverein-wrs-ilten.de\/?page_id=197\" class=\"more-link\"><span class=\"screen-reader-text\">\u201eB\u00fccherei\u201c<\/span> weiterlesen<\/a><\/p>\n","protected":false},"author":1,"featured_media":0,"parent":0,"menu_order":0,"comment_status":"closed","ping_status":"closed","template":"","meta":{"footnotes":""},"jetpack_sharing_enabled":true,"_links":{"self":[{"href":"https:\/\/foerderverein-wrs-ilten.de\/index.php?rest_route=\/wp\/v2\/pages\/197"}],"collection":[{"href":"https:\/\/foerderverein-wrs-ilten.de\/index.php?rest_route=\/wp\/v2\/pages"}],"about":[{"href":"https:\/\/foerderverein-wrs-ilten.de\/index.php?rest_route=\/wp\/v2\/types\/page"}],"author":[{"embeddable":true,"href":"https:\/\/foerderverein-wrs-ilten.de\/index.php?rest_route=\/wp\/v2\/users\/1"}],"replies":[{"embeddable":true,"href":"https:\/\/foerderverein-wrs-ilten.de\/index.php?rest_route=%2Fwp%2Fv2%2Fcomments&post=197"}],"version-history":[{"count":6,"href":"https:\/\/foerderverein-wrs-ilten.de\/index.php?rest_route=\/wp\/v2\/pages\/197\/revisions"}],"predecessor-version":[{"id":242,"href":"https:\/\/foerderverein-wrs-ilten.de\/index.php?rest_route=\/wp\/v2\/pages\/197\/revisions\/242"}],"wp:attachment":[{"href":"https:\/\/foerderverein-wrs-ilten.de\/index.php?rest_route=%2Fwp%2Fv2%2Fmedia&parent=197"}],"curies":[{"name":"wp","href":"https:\/\/api.w.org\/{rel}","templated":true}]}}